factor of 975 and 39?
39
What is the highest common factor of 422 and 6?
2
Calculate the greatest common factor of 57 and 912.
57
What is the highest common divisor of 25 and 8575?
25
Calculate the greatest common factor of 3116 and 246.
82
Calculate the greatest common factor of 170 and 2.
2
What is the greatest common factor of 36 and 450?
18
Calculate the greatest common factor of 410 and 230.
10
Calculate the greatest common factor of 21 and 189.
21
Calculate the greatest common factor of 240 and 528.
48
What is the greatest common divisor of 63 and 7?
7
Calculate the greatest common divisor of 399 and 56.
7
Calculate the greatest common factor of 121 and 341.
11
Calculate the greatest common divisor of 88 and 56.
8
Calculate the greatest common divisor of 716 and 1253.
179
What is the highest common divisor of 2497 and 308?
11
Calculate the highest common divisor of 212 and 6148.
212
What is the greatest common factor of 345 and 15?
15
What is the greatest common factor of 1782 and 11?
11
What is the highest common divisor of 36 and 2724?
12
Calculate the highest common divisor of 385 and 455.
35
What is the highest common divisor of 54 and 78?
6
Calculate the highest common divisor of 70 and 518.
14
Calculate the greatest common divisor of 328 and 410.
82
What is the highest common factor of 250 and 40?
10
What is the greatest common factor of 840 and 1953?
21
Calculate the highest common divisor of 220 and 160.
20
Calculate the greatest common factor of 275 and 165.
55
Calculate the greatest common divisor of 8 and 72.
8
What is the greatest common divisor of 10287 and 405?
81
What is the greatest common divisor of 21 and 5271?
21
What is the greatest common factor of 93 and 806?
31
What is the highest common divisor of 52595 and 335?
335
Calculate the greatest common factor of 272 and 527.
17
What is the greatest common divisor of 159 and 265?
53
Calculate the greatest common divisor of 88 and 350.
2
What is the highest common factor of 37 and 3996?
37
Calculate the greatest common factor of 423 and 9.
9
What is the greatest common divisor of 434 and 42?
14
What is the greatest common divisor of 336 and 322?
14
What is the highest common factor of 1104 and 5796?
276
Calculate the highest common divisor of 34275 and 15.
15
What is the highest common divisor of 1605 and 90?
15
What is the highest common divisor of 1805 and 190?
95
What is the highest common divisor of 9 and 3183?
3
What is the highest common divisor of 30 and 480?
30
What is the highest common divisor of 340 and 952?
68
What is the greatest common factor of 3710 and 20?
10
What is the highest common factor of 27 and 3942?
27
What is the highest common divisor of 590 and 40?
10
What is the highest common factor of 94 and 752?
94
What is the highest common divisor of 348 and 406?
58
Calculate the greatest common divisor of 1 and 1962.
1
What is the greatest common divisor of 320 and 80?
80
What is the highest common factor of 792 and 55?
11
What is the greatest common divisor of 7045 and 15?
5
Calculate the highest common factor of 92 and 4.
4
What is the highest common divisor of 7332 and 156?
156
Calculate the greatest common factor of 36 and 1344.
12
What is the highest common divisor of 418 and 1178?
38
What is the highest common divisor of 90 and 990?
90
Calculate the greatest common factor of 17 and 1054.
17
Calculate the greatest common factor of 57 and 46417.
19
What is the highest common divisor of 310 and 200?
10
Calculate the highest common factor of 30 and 435.
15
Calculate the highest common factor of 62447 and 77.
77
What is the highest common divisor of 100 and 320?
20
What is the highest common factor of 4 and 1844?
4
What is the highest common divisor of 150 and 675?
75
Calculate the greatest common divisor of 14 and 350.
14
What is the greatest common factor of 10500 and 12?
12
Calculate the highest common divisor of 483 and 46.
23
Calculate the greatest common divisor of 1846 and 71.
71
What is the greatest common divisor of 5 and 6475?
5
Calculate the highest common factor of 134 and 3551.
67
Calculate the greatest common divisor of 204 and 108.
12
Calculate the greatest common factor of 315 and 900.
45
What is the greatest common divisor of 26 and 351?
13
Calculate the greatest common divisor of 30 and 780.
30
What is the greatest common factor of 38 and 19?
19
What is the greatest common factor of 464 and 32?
16
Calculate the highest common divisor of 3790 and 10.
10
What is the highest common factor of 497 and 213?
71
Calculate the highest common divisor of 105 and 2415.
105
Calculate the greatest common factor of 19512 and 54.
18
Calculate the highest common divisor of 12544 and 49.
49
What is the highest common divisor of 8470 and 40?
10
Calculate the greatest common factor of 76 and 209.
19
What is the highest common factor of 447 and 48?
3
Calculate the greatest common factor of 2730 and 5.
5
Calculate the greatest common factor of 1295 and 35.
35
What is the greatest common divisor of 252 and 378?
126
Calculate the highest common divisor of 216 and 120.
24
What is the greatest common divisor of 117 and 2223?
117
What is the highest common divisor of 180 and 252?
36
Calculate the highest common factor of 33 and 4125.
33
Calculate the greatest common factor of 45 and 375.
15
What is the highest common divisor of 759 and 165?
33
Calculate the greatest common factor of 153 and 68.
17
What is the highest common divisor of 2450 and 1176?
98
Calculate the highest common divisor of 94 and 3760.
94
What is the highest common factor of 27 and 351?
27
What is the greatest common factor of 33 and 3047?
11
What is the greatest common factor of 780 and 4?
4
Calculate the greatest common factor of 3580 and 40.
20
Calculate the greatest common factor of 469 and 871.
67
What is the greatest common divisor of 7 and 7?
7
Calculate the greatest common factor of 315 and 189.
63
What is the greatest common factor of 1960 and 160?
40
What is the highest common factor of 2280 and 6612?
228
What is the greatest common factor of 11 and 737?
11
Calculate the highest common factor of 272 and 34.
34
What is the highest common divisor of 72 and 384?
24
Calculate the highest common factor of 1287 and 1521.
117
What is the greatest common factor of 45 and 243?
9
What is the highest common divisor of 36 and 6084?
36
Calculate the highest common factor of 3 and 20.
1
What is the highest common factor of 4 and 1094?
2
What is the greatest common factor of 5 and 125?
5
Calculate the highest common divisor of 231 and 2163.
21
What is the greatest common divisor of 1474 and 44?
22
Calculate the highest common factor of 18 and 546.
6
Calculate the greatest common factor of 496 and 31.
31
Calculate the highest common divisor of 5 and 4615.
5
What is the highest common divisor of 258 and 2236?
86
What is the highest common divisor of 48 and 128?
16
Calculate the highest common factor of 575 and 69.
23
What is the greatest common factor of 2079 and 63?
63
What is the highest common factor of 152 and 8?
8
Calculate the greatest common factor of 13 and 2223.
13
What is the greatest common divisor of 15 and 255?
15
Calculate the highest common factor of 152 and 72.
8
What is the highest common divisor of 3977 and 97?
97
What is the greatest common divisor of 5612 and 61?
61
What is the highest common divisor of 589 and 31?
31
Calculate the greatest common divisor of 8 and 800.
8
What is the highest common factor of 204 and 289?
17
What is the greatest common divisor of 4224 and 1936?
176
What is the highest common divisor of 535 and 5?
5
What is the highest common divisor of 442 and 52?
26
What is the greatest common factor of 55 and 176?
11
Calculate the greatest common factor of 77 and 133.
7
Calculate the greatest common factor of 5 and 1450.
5
What is the greatest common factor of 14 and 154?
14
What is the greatest common factor of 1062 and 118?
118
Calculate the greatest common factor of 105 and 1.
1
Calculate the highest common divisor of 161 and 460.
23
Calculate the highest common factor of 1768 and 130.
26
What is the greatest common factor of 216 and 378?
54
Calculate the highest common factor of 24 and 60.
12
What is the greatest common divisor of 19 and 18677?
19
What is 